uppose w + 21 = 4*h + 4, -w + p = 5*h. Calculate the remainder when 10 is divided by h.
2
What is the remainder when 47 is divided by 36/(-60) - 168/(-5)?
14
Suppose -155 = -3*f - 4*o, -7*f = -9*f + 3*o + 126. Calculate the remainder when f is divided by 15.
12
Suppose 0 = 5*v - 4*c - 19, -2*v + 3*c = -0*v - 2. Suppose -16 = -3*h - v. Suppose -2*m + 3 = -1. Calculate the remainder when h is divided by m.
1
Suppose 2*s + 7 = 1. Calculate the remainder when (s - -2)*11/(-1) is divided by 4.
3
Let s = 2 + 2. Calculate the remainder when s is divided by (-1)/((-2)/4) - 0.
0
Let u = -33 + 55. Let z = 26 + -43. Let p = -9 - z. Calculate the remainder when u is divided by p.
6
Suppose b + 2*g - 6*g = 22, -5*b + 5*g = -35. What is the remainder when 4 is divided by b?
0
Calculate the remainder when 34 is divided by 27/36*(11 + 1).
7
Let h(y) = -y**2 - 20*y - 49. What is the remainder when h(-11) is divided by 13?
11
Let t(f) = f**2 - f - 11. Let n be t(0). Let v(g) = -g**3 - 11*g**2 - 3*g - 12. Calculate the remainder when v(n) is divided by 11.
10
Suppose 2*u - 138 = -4*u. What is the remainder when u is divided by 9?
5
Let h(b) = -5*b + 1. Calculate the remainder when h(-3) is divided by 9.
7
Let j(s) = -s**3 - 19*s**2 - 17*s + 20. Calculate the remainder when j(-18) is divided by 2.
0
Let h = -3 + 5. Let c = -6 + 11. What is the remainder when c is divided by h?
1
Let t(b) = -5*b - 7. Let c be t(-9). Suppose 0 = y + y - c. What is the remainder when y is divided by -1 - 4*(-4 + 2)?
5
Let x(k) = -18*k**3 - 2*k**2 - k. Let r = -13 + 12. What is the remainder when 65 is divided by x(r)?
14
Calculate the remainder when 6/(-4)*100/(-30) is divided by 4.
1
Suppose -m = -4*y + 9, 0 = -5*y + 15 + 10. Let r(l) = -l**2 - 8*l + 1. Let u be r(-6). Let s = 44 - u. Calculate the remainder when s is divided by m.
9
Let p(l) = 30*l**3 - l**2 - l + 1. Let u(v) = -v**2 - 8*v - 6. What is the remainder when p(1) is divided by u(-4)?
9
Let q(c) = -2*c - 8. Calculate the remainder when 11 is divided by q(-6).
3
Suppose 4*z = -5*y + 5, 0*y - 8 = -z + y. Let k(g) = g + 14. Calculate the remainder when k(0) is divided by z.
4
Suppose 0 = b + 2*g - 33, 0 = b - 3*g + 20 - 68. What is the remainder when b is divided by 20?
19
Let o = 149 - 92. What is the remainder when o is divided by 15?
12
Let t = 19 + 29. Calculate the remainder when t is divided by 5.
3
Let h(t) = 2*t**2 + 3*t. Let m = -4 - -1. Calculate the remainder when 24 is divided by h(m).
6
Let b(v) = v**3 - v - 30. Let q be b(0). Let n be -6 + 2 + 34/(-2). Let w = n - q. What is the remainder when 17 is divided by w?
8
Let y(s) = -31*s + 4. What is the remainder when y(-3) is divided by 25?
22
Suppose -5*j - 20 = -g + 6, j + 82 = 5*g. Calculate the remainder when -1 + g*2*1 is divided by 8.
7
Calculate the remainder when 9*(46/6 - -1) is divided by (-3 + 11/5)/((-20)/400).
14
Let p(u) = -u**3 - 5*u**2 + 7*u + 9. Let z be p(-6). Suppose 0 = 5*v - l - 124, 5*v - z*l - 88 - 44 = 0. What is the remainder when 70 is divided by v?
22
Let i = 34 - 23. Suppose -2*z = -3*z + 4. Suppose 0*y - 2*y - z*s = -78, 5*s = -5*y + 175. What is the remainder when y is divided by i?
9
Let j(m) = m + 6. Let w(p) = -2*p**3 - 15*p**2 - 16*p - 14. Calculate the remainder when w(-7) is divided by j(7).
10
Suppose 1 = 2*g - 3*g. Let m = 9 + g. Calculate the remainder when m is divided by 4 + 2*(-1)/2.
2
Let r(y) = -37 + y**3 - 5*y + 73 - 5*y**2 - 31. Let c = -3 - -9. What is the remainder when r(c) is divided by 6?
5
Suppose 4*h = -h + 110. Calculate the remainder when (-21)/(-6) - (-4428)/72 is divided by h.
21
Suppose -2*o - 152 = -5*s - 36, 2*s + 5*o = 58. Calculate the remainder when s is divided by 9.
6
Suppose 0 = -d + 5 - 4. Suppose -2 + d = -p. Suppose 4*j - 2*w = 24, -4*w - p - 11 = -2*j. What is the remainder when 16 is divided by j?
4
Let u(b) = -29*b + 1. Let i be u(1). Let j = -21 - i. What is the remainder when 40 is divided by j?
5
Let z(a) = 295*a**2 + a. Let m be z(1). Suppose b + 4*b = 5*d + 260, -5*b = 4*d - m. Suppose 3*k = -2 + b. Calculate the remainder when 52 is divided by k.
16
Let m = -8 + 19. What is the remainder when (2 - 20/3)*-9 is divided by m?
9
Suppose -d + 2*d - 23 = 0. Calculate the remainder when d is divided by (-7 + 2)*(-5)/10*2.
3
Let x(t) = t**2 - 6*t + 6. Let m(o) = -o - 6. Let n be m(-4). Let r be ((-10)/4)/(n/4). What is the remainder when x(r) is divided by 1?
0
Let u = 13 + -11. Calculate the remainder when 3*(-34)/(-6)*u is divided by 12.
10
Let y(l) = 26*l**2 + 2*l + 2. What is the remainder when 127 is divided by y(-1)?
23
Suppose 3*f - 5*p + 2 = 0, 2*p = -2*f + 6*p. Suppose 0 = -5*y, -5*y = m - 4*m - 1902. What is the remainder when m/(-22) - f/22 is divided by 15?
14
Let q = 265 - 154. Suppose 0 = 5*i - q - 64. Suppose 0 = -0*n + 4*n - 48. What is the remainder when i is divided by n?
11
Suppose -4*r + 7 = 3*j - 6, -5*j = 4*r - 19. Let w be 6/r + 1*-1. Suppose 2*p + 66 = w*t - 2*p, t - 11 = 3*p. What is the remainder when 27 is divided by t?
13
Suppose 2*w + 3*w = 80. Let z(x) = -x**2 + 9*x - 5. Suppose -19 = -j - 4*l + 4, 3*j + 2*l = 29. Calculate the remainder when w is divided by z(j).
7
Suppose 0 = 5*b + 4*l - 466, -2*b + 375 = 2*b + l. What is the remainder when b is divided by 32?
30
Let l = -1 - -7. Let t be 22/l + (-4)/(-12). Suppose -p + t*p - 165 = 0. What is the remainder when p is divided by 19?
17
Let w(l) = l + 11. Let p = -11 - -5. What is the remainder when 14 is divided by w(p)?
4
Let b(r) = -r - 8. Let h be b(-9). Let n = h + -2. Let o(w) = 35*w**2 + w. What is the remainder when o(n) is divided by 12?
10
What is the remainder when (1*5)/(8/176) is divided by 28?
26
Let k = 56 + -33. Calculate the remainder when k is divided by 13.
10
Suppose -n - 2 = 3. Calculate the remainder when 44 is divided by 888/60 - 1/n.
14
Let j(v) = v**3 + 18*v**2 - 19*v + 17. What is the remainder when 65/1 - -1 - -1 is divided by j(-19)?
16
What is the remainder when 129 - 1 - (-1 - 3 - -8) is divided by 16?
12
Let q(c) be the first derivative of -c**4/4 - 5*c**3/3 + 3*c**2/2 + c + 6. Calculate the remainder when 54 is divided by q(-6).
16
Suppose -5*f + 15 + 5 = 0. Suppose 3*b + 32 = f*b. Suppose 33 = 2*c + t, 2*c = 2*t - 6 + 42. Calculate the remainder when b is divided by c.
15
Let k = 44 - 22. Suppose 0 = -4*t - 0*t - 280. Let r = 134 + t. What is the remainder when r is divided by k?
20
Let o(b) = b - 2 + 3*b - 7. Let i(s) = s - 1. Let m(d) = 6*i(d) - o(d). What is the remainder when 33 is divided by m(7)?
16
Suppose -5*s + 19 = -2*d, 0 = d - 4*s + 7 + 10. Let l be ((-6)/15)/(4/40). Calculate the remainder when 4*l/(-16) - -4 is divided by d.
2
Let q = -2 + 2. Suppose r - 13 - 30 = q. Calculate the remainder when r is divided by 15.
13
Let o(y) = -2*y**3 + 14*y**2 - 9*y + 3. Calculate the remainder when 38 is divided by o(6).
17
Let r = 10 + 23. Calculate the remainder when r is divided by 7.
5
Let o be 4*((-15)/(-6) + -3). Let g = o + 12. What is the remainder when 28 is divided by g?
8
Let g = 35 - 31. Suppose -2*x - 2 - 36 = 0. Let m = -12 - x. Calculate the remainder when m is divided by g.
3
Suppose 0 = -0*w + w - 2. Let t = 9 + -6. Suppose 11 - 5 = t*h. What is the remainder when w is divided by h?
0
Suppose 0 = 5*y - 5*x - 15, y + x + 3 + 0 = 0. Calculate the remainder when 52 is divided by (y + 1)/(6/108).
16
Suppose 0 = -f + 9 + 15. What is the remainder when f is divided by 9?
6
Let d(b) = -b**3 + 13*b**2 + b + 4. Calculate the remainder when 64 is divided by d(13).
13
Let n(o) = 3*o + 6. Calculate the remainder when 58 is divided by n(2).
10
Let w(u) = -u - 24. Let i(x) = -x**3 + 4*x**2 - 4*x. Let s be i(3). Let k = s - -6. What is the remainder when w(-32) is divided by k?
2
Suppose 0 = -19*h + 12*h + 399. Suppose -4*l + 5*c + 55 = -60, 4*c = -l + 34. What is the remainder when h is divided by l?
27
Calculate the remainder when (-15)/(-1) + (-1 - -1) is divided by 10.
5
Suppose -33 = -0*b - 3*b. What is the remainder when 43 is divided by b?
10
Let k = -10 + 11. What is the remainder when k is divided by 0 + 2/(2/1)?
0
Let h(z) = -2*z + 1. Let y be h(-2). Let r(l) = 4*l + 1. Calculate the remainder when r(y) is divided by (9/(-6) - -1)*-22.
10
Let k be -3 + 272 + (-9)/3